4*f - 6*o. Suppose 0 = 5*k - 4*u - 743 + 170, 3*k = -3*u + f. What are the prime factors of k?
113
Let t = -3473 - -7243. What are the prime factors of t?
2, 5, 13, 29
Let x = 1277 - 193. List the prime factors of x.
2, 271
Suppose -20 = -5*o - 5*d + 45, 2*d - 36 = -3*o. What are the prime factors of o/8 - (-12563)/68?
2, 3, 31
Let n = 722 + -356. What are the prime factors of n?
2, 3, 61
Suppose -20 = -3*c + 31. Suppose c*d = 14*d + 48. Suppose 108 + d = 2*f. List the prime factors of f.
2, 31
Suppose 0*p + z = p - 6, p - 11 = -4*z. Suppose p*m - 2076 = -5*m. List the prime factors of m.
173
Let r(l) = -2*l + 12. Let x be 15*(6/(-15))/(-1). Let t be r(x). List the prime factors of (-1 + t)*-25 - -1.
2, 13
What are the prime factors of 6 + 2476 + 14/(-7)?
2, 5, 31
List the prime factors of 9*-4*(-3)/72*206.
3, 103
Suppose 5*v + n = 34, v + 2*n - 3 = -2*n. Suppose -12*d = -v*d + 10. Let k(s) = -14*s + 4. List the prime factors of k(d).
2
Let s(m) = -m**3 - 26*m**2 - 19*m - 55. List the prime factors of s(-26).
439
Let i = 349 + 314. What are the prime factors of i?
3, 13, 17
Let v = 83 - 38. Let n = v + 3. List the prime factors of n.
2, 3
Let j = 3368 + -1059. What are the prime factors of j?
2309
Let h(a) = 26*a**2 + 4*a - 6. List the prime factors of h(2).
2, 53
Suppose 0*p - 121 = -11*p. Let o(f) = -7*f - f**2 + 2*f**2 - 21 + 8. What are the prime factors of o(p)?
31
Let h(b) = 5*b - 4. Let w be h(-2). Let f = w + 29. Suppose j = f + 17. What are the prime factors of j?
2
Let v(g) = 16 + 3*g + 0*g - 6*g + g**2. List the prime factors of v(-5).
2, 7
Let c = 9 - 29. Let z = -17 - c. What are the prime factors of ((-174)/(-4))/(z/4)?
2, 29
Let g be (26/(-6) + 3)*-3. Let m = 11 - g. Suppose -4*d + m + 37 = 0. What are the prime factors of d?
11
Let n be 2/(-10) - 122/(-10). Suppose 0 = 4*y - n. Suppose t + 3*t = -y*k + 31, 3*k - 35 = -2*t. What are the prime factors of k?
13
Let w = -72 - -171. Let g = w - 68. List the prime factors of g.
31
Suppose h + 53*l = 58*l + 1947, -5*l + 9885 = 5*h. List the prime factors of h.
2, 17, 29
Let p = 91 + -145. Let f = p - -57. List the prime factors of f.
3
Let o(z) be the second derivative of z**4/12 - 2*z**3/3 + 3*z. Let x be o(4). Suppose x = -6*y + y + 85. List the prime factors of y.
17
Let d(w) = 2*w + 16. Let a be d(-7). Suppose -a*h = -0*h + 10. Let g(q) = 2*q**2 + 10*q + 6. List the prime factors of g(h).
2, 3
Let b(y) = 0 + 3*y**2 + 2*y - 6*y + 3 + y**3. Let s be b(-4). Suppose -5*w + 2*n - s*n + 25 = 0, 0 = -4*w - 4*n + 4. List the prime factors of w.
2, 3
Suppose -6*a = a - 119. Let q = -11 + a. What are the prime factors of ((-68)/(-7))/(q/21)?
2, 17
Let z(m) = -m**3 + 17*m**2 + 2*m + 5. Let v(q) = -q**2 - 1. Let g(y) = 6*v(y) + z(y). Let k be (-28)/(-168)*(65 - -1). What are the prime factors of g(k)?
3, 7
Suppose 12 = 4*q, -2*q + 858 - 39 = 3*w. What are the prime factors of w?
271
Let v = 656 + -265. List the prime factors of v.
17, 23
List the prime factors of (7002/4)/3*4.
2, 3, 389
Let d(k) = -19*k - 7. Let a be d(-9). Let q = -55 + a. What are the prime factors of q?
109
Suppose 13 - 8 = t. Suppose t*z - 273 = 22. List the prime factors of z.
59
Suppose 26*r + 3250 = 36*r. What are the prime factors of r?
5, 13
Let f be (0 - 240)*(-15)/30. Suppose 6*v + f = 7*v. What are the prime factors of (36/15)/(9/v)?
2
Suppose 5*c - 994 = 2*o + 579, o = 5*c - 1569. What are the prime factors of c?
313
Suppose 3*b - 972 = -b + n, 5*n = 5*b - 1230. Suppose -c = -5*k - 66, -3*c - 2 + b = -k. What are the prime factors of c?
3
Let q be 38/(-4)*-10*-1. Let l = 155 + q. What are the prime factors of l?
2, 3, 5
Suppose -905 = -h - 2*h - r, 5*r - 1203 = -4*h. List the prime factors of h.
2, 151
Suppose 704 + 3484 = 12*l. What are the prime factors of l?
349
Suppose 12*f + 2*f - 6958 = 0. List the prime factors of f.
7, 71
Let f(d) = d**3 - d**2 - 2*d + 1. Let s be f(1). What are the prime factors of 5 - (4 + s - 165)?
167
Suppose -2*j + 10*q + 1354 = 12*q, 0 = -5*q. What are the prime factors of j?
677
Suppose -4*y - 6*a + 3472 = -3*a, 3*y - 4*a - 2629 = 0. What are the prime factors of y?
13, 67
Let w = -219 + 244. List the prime factors of w.
5
Suppose -4*s = -4*v + 2172, -4*v - 6*s = -2*s - 2180. What are the prime factors of v?
2, 17
Let r = -83 - -86. Suppose 2*h - 746 = -4*a, -r*a + 172 = 3*h - 383. What are the prime factors of a?
2, 47
Let q(n) = 9*n**2 - 12*n - 132. List the prime factors of q(-10).
2, 3, 37
Let d = 24 - 12. List the prime factors of (1*74)/(6/d).
2, 37
Let y(u) be the first derivative of 4*u**2 + 29*u - 10. List the prime factors of y(12).
5
Let p(x) = 32*x**3 + 2*x + 1. Let f be p(-1). What are the prime factors of (1 - (3 + f)) + 2?
3, 11
Let n(g) = 430*g**2 - 22*g + 21. What are the prime factors of n(1)?
3, 11, 13
Suppose -2*t + 0*t + 8 = 0. Let z = 38 - t. Suppose 4*m = 34 + z. List the prime factors of m.
17
Suppose -12*d + 8*d = -92. Let b be (-6 + 8)*47/2. Let t = b - d. List the prime factors of t.
2, 3
Let r = -300 + 160. Let p = 227 + r. Suppose 0 = g + 4*a - p, -g = 4*g - 4*a - 315. What are the prime factors of g?
67
Let z(v) = -v**2 + 4*v + 8. Let a be z(6). Let p be (-7)/63 - 330/(-54). Let w = p + a. What are the prime factors of w?
2
Let d = 17 - -6. Let i = 25 - d. List the prime factors of i.
2
Let v = 14 + 6. Let b = v - 16. Suppose 18 = 2*s - 0*z + b*z, 3*s - 27 = -4*z. What are the prime factors of s?
3
Suppose -233163 = -87*j + 105528. List the prime factors of j.
17, 229
Let z be 3/((-3)/(-5)) - -10. Suppose a + 1078 = z*a. What are the prime factors of a?
7, 11
Suppose 6*i + 5082 = 13*i. What are the prime factors of i?
2, 3, 11
Let y = 16 + -11. Let a be (6/y)/(12/30). What are the prime factors of ((-616)/33)/((-1)/a)?
2, 7
Let j(k) be the second derivative of k**4/12 - 5*k**3/6 + 3*k**2/2 + 6*k. Let s be j(3). Let h = s + 5. List the prime factors of h.
2
Suppose -5*o - 2341 = -3*w, o - 4*o - 1393 = 4*w. Let k = 667 + o. What are the prime factors of k?
2, 5
Let q(b) = 1 - 4*b - 33 - 3*b. List the prime factors of q(-14).
2, 3, 11
Let j(v) = 5*v - 8. Let t be j(-8). Let q = 130 + t. Suppose q = -3*l + 217. What are the prime factors of l?
3, 5
Let l(j) = j**2 + 11*j - 35. Suppose -6*b + 19*b + 195 = 0. List the prime factors of l(b).
5
Let i(m) = -360*m - 8. What are the prime factors of i(-1)?
2, 11
Let k(s) = 4*s**3 - 11*s**2 + 3*s - 5. Suppose -16*a = -2*a - 56. List the prime factors of k(a).
3, 29
Suppose 0 = 11*x - 0*x - 5566. List the prime factors of x.
2, 11, 23
Suppose 3*m = -2*m - 3*s + 1988, -812 = -2*m + 3*s. List the prime factors of m/15*(-12)/(-10).
2
Let f be 3442/4 - 1/2. Suppose 4*y + f = -0*y. List the prime factors of (y/(-5))/(0 + 1).
43
Let m be 3*3/9*7 - 4. Suppose 5*p = l + 187, -184 = -5*p - m*l + 5*l. What are the prime factors of p?
2, 19
Suppose -3*x + 51 = -3*y, -17 = 4*x + y - 100. Suppose x - 4 = 4*w. Suppose n + w*n + v = 145, -3*n + 79 = -v. List the prime factors of n.
2, 7
Suppose 3*j - 137 = -a, 5*a + j = 4*a + 145. What are the prime factors of a?
149
Let r(w) = -w**3 + 6*w**2 - 12*w + 22. What are the prime factors of r(-6)?
2, 263
Let y(l) = 4*l + 8 - 4*l + 3*l. Let c(n) = -3*n - 7. Let f(q) = 4*c(q) + 3*y(q). What are the prime factors of f(-7)?
17
What are the prime factors of 18/30 - 104248/(-20)?
13, 401
Let r = -30 - -40. Let v(c) = c + 4. Let b be v(r). List the prime factors of ((-132)/b)/((-8)/56).
2, 3, 11
Let r(h) = -h**3 - 13*h**2 - 14*h - 18. Suppose 4*m - 34 = -2*p, -3*m + 33 = m + p. Suppose -4*f + 28 = -2*v + v, m = 2*f. List the prime factors of r(v).
2, 3
Suppose -10*v + 822 = -308. What are the prime factors of v?
113
Suppose -8*t + 158 = 54. Suppose -5*c = 3 - t. What are the prime factors of c?
2
Suppose 5*r + 4*n - 2403 = 0, 103 - 2029 = -4*r - 2*n. What are the prime factors of r?
3, 7, 23
Let r(k) = 420*k**3 + 2*k - 2. Let m be r(1). Let t = m - 231. What are the prime factors of t?
3, 7
Let w = 1473 + -1022. List the prime factors of w.
11, 41
Suppose -745*d - 7343 = -752*d. What are the prime factors of d?
1049
Suppose -6*p = -12*p + 4080. What are the prime factors of p?
2, 5, 17
Let c(n) = -n**3 + 5*n**2 + 4*n + 16. What are the prime factors of c(-6)?
2, 97
Let w = 183 + 37. Let 